). Let z be p/4*(-6 - -12). Calculate the greatest common factor of z and 615.
15
Let q = 581 + -437. Suppose 3*w - 2*n - 120 = n, -4*n = 4*w - q. Calculate the highest common divisor of 285 and w.
19
Let o(w) = w**2 - 4*w - 10. Suppose 0*x = -8*x + 80. Let s be o(x). Calculate the greatest common divisor of s and 70.
10
Let m be (-75)/(-275) + (-189)/(-33). Let y(u) = 3*u + 22. Let t be y(4). What is the highest common factor of m and t?
2
Suppose 143*z + 8025 = 218*z. Calculate the greatest common factor of 6527 and z.
107
Suppose 0 = 5*t, 5*h - 16 = -t + 29. Suppose 29 - h = -5*a, 5*a = 2*v - 118. Suppose 27*q - 28*q = -21. What is the highest common factor of q and v?
7
Suppose 0 = 1678*s - 1680*s - 1366. Let x = s + 699. What is the greatest common divisor of 944 and x?
16
Let l be 26*(-4)/16*-26. Let u(w) = w**3 + 6 - 175*w + 5*w**2 + l*w - 18. Let s be u(-4). Calculate the greatest common factor of 14 and s.
14
Let m = 51 + 42. Suppose m*h = 99*h - 18. Calculate the greatest common factor of h and 61.
1
Let w be -12582*(-14)/140 + (-2)/10. What is the greatest common divisor of w and 578?
34
Let y be (-7 + -45)*3*3/(-12). Suppose -4*j + o + y = 0, -4*o - 34 = -4*j - 2*o. Calculate the greatest common factor of 297 and j.
11
Suppose -23*s + 18*s - 180 = 0. Let x be ((-186)/9)/(8/s). Calculate the greatest common divisor of x and 6.
3
Let g be (-6)/(1 - -2) + (13 - 9). Let t be (-3)/g*14800/(-222). Calculate the highest common divisor of 12 and t.
4
Let w(t) = t**2 - 24*t - 403. Let x be w(-13). What is the highest common factor of 1911 and x?
39
Let a = 2886 + -1860. Suppose 220*y = 239*y - a. Let m be ((-162)/(-8))/((-1)/(-4)). Calculate the highest common divisor of y and m.
27
Let z(n) = -n**3 + 91*n**2 + 889*n - 29. Let y be z(-9). What is the highest common divisor of 2240 and y?
70
Suppose 0 = -2*d + 3*d - 3*f - 57, -3*d - 3*f = -183. Suppose 2*u - 302 = -2*n, 145 = n + 32*u - 37*u. Calculate the highest common divisor of n and d.
30
Let c be (-1 - 4)/5 - (161 + 2). Let z = c + 176. Calculate the greatest common divisor of 156 and z.
12
Suppose 396*r + 640 = 412*r. Let p = -80 + 90. What is the greatest common factor of p and r?
10
Let a = -34 - -79. Let q = 82 - -46. Let u = q + -113. What is the greatest common divisor of a and u?
15
Let t = 91 + -51. Suppose -22*h = -24*h - 64. Let j = t + h. Calculate the highest common factor of j and 128.
8
Let b = -831 + 835. Let l be (102/b)/(3/4). Calculate the highest common divisor of 4 and l.
2
Let c be -3 - 1*-27*2. Let h = 12 + -8. Suppose h*a + 2*a - 612 = 0. What is the highest common divisor of a and c?
51
Suppose -y + 2 = -2*z, 2*z + 20 = -y + 5*y. Suppose -y*a = -21*a + 6375. Calculate the highest common divisor of 25 and a.
25
Let t be 9/(4 + 20/(-8)). Suppose -s + 3*s - 60 = 4*j, -t = 2*j. Suppose 0*m = -2*m + 192. Calculate the highest common factor of m and s.
24
Suppose -89 - 184 = -70*n + 427. Calculate the greatest common divisor of 2710 and n.
10
Let k = 2019 - 2007. Calculate the greatest common divisor of k and 5892.
12
Suppose -2*o - 1 - 9 = -u, -4*u - 5*o + 105 = 0. Suppose 0 = -4*z - 8, 4*p - u*z - 2204 = -16*z. Calculate the greatest common factor of 9 and p.
9
Let a(o) = o**3 + 3*o**2 + 3*o + 24. Let n be a(6). What is the greatest common factor of n and 402?
6
Let o be ((-3)/(-4))/(4/32). Let v(g) = -3 - 1 + 17 + 9 + 3*g. Let s be v(o). Calculate the greatest common divisor of 10 and s.
10
Let t = 11860 + -7371. What is the greatest common factor of 134 and t?
67
Let o = -521 + 955. Calculate the highest common factor of o and 336.
14
Let x be (142/(-4))/((-3)/(-6)). Let p = x + 101. Suppose -4*t + 413 + 427 = 0. What is the greatest common divisor of p and t?
30
Suppose -5063 = 102*w - 15569. What is the greatest common factor of 1 and w?
1
Suppose 0 = f + 43 - 47. Suppose -5*u + 5*w + 60 = 0, -f*w = -2*u + u. Calculate the highest common factor of u and 176.
16
Suppose 27*b + 3059 = 34*b. Let x = b + -415. Let p(f) = 242*f. Let z be p(1). Calculate the highest common factor of z and x.
22
Let s(m) = -128*m - 275. Let i be s(-4). Let w be 79/i - (-106)/6. Let g(y) = -30*y**3 - y**2 + 1. Let f be g(-1). What is the highest common factor of w and f?
6
Suppose -4*b = 5*h - 22, 15 = 2*b + 3*b. What is the greatest common factor of h and 1174?
2
Suppose 0 = 4*q - 4*k - 572, 5*k + 133 + 304 = 3*q. What is the highest common factor of 6811 and q?
139
Suppose 4*n = -3 + 903. Let f be (-2 - 38/(-1))*(-17)/(-68). What is the highest common divisor of n and f?
9
Let n = -54 + 86. Let v = 33 - n. Let j be (106 - (v + 0))*(-13)/(-13). What is the highest common factor of j and 21?
21
Let a(w) = w**3 + 46*w**2 + 36*w + 656. Let r be a(-33). Calculate the greatest common divisor of r and 125.
125
Let u(q) = q**3 - 6*q**2 - 7*q + 45. Let m be u(6). Calculate the highest common factor of m and 375.
3
Let g(i) = i**3 - 16*i**2 - i + 17. Let b be g(16). Let x = 36 - b. What is the greatest common factor of x and 35?
35
Let o(p) = 5*p - 5. Let w be o(6). Let g = 115 + -111. Suppose 5*a - g*x - 35 = 2*a, 2*a - 3*x - 25 = 0. Calculate the highest common divisor of w and a.
5
Let i(q) = 2*q + 24. Let j be i(-11). Let z be (j/4)/(3 + (-505)/170). Suppose z*n = 858 + 9. Calculate the highest common divisor of 17 and n.
17
Suppose 0 = -b + 5*h - 2, -4*h - 74 = 19*b - 24*b. Calculate the highest common divisor of 642 and b.
6
Let h be -2 + 26/14 + (-43 - (-17165)/7). Calculate the greatest common divisor of 66 and h.
33
Let b = 33 + 26. Suppose -14 + b = 3*z. Let h be (z/(-7))/(31/(-217)). Calculate the greatest common factor of h and 9.
3
Suppose -174*l + 300 = t - 180*l, 5*t = 2*l + 1276. What is the highest common divisor of 20 and t?
4
Let q be 5 - 1 - (0/3)/(-5). Let v = 83 - 2. Suppose 0 = 4*t - 4*w + 9*w - v, -q*w + 84 = 4*t. Calculate the greatest common divisor of t and 40.
8
Let t(q) = q**2 - 4*q - 7. Let j be t(8). Suppose 2*o + 17 - j = 0. Calculate the highest common factor of 38 and o.
2
Let g = 159 + -161. Let y be 213/7 - g/(14/(-3)). Calculate the highest common divisor of y and 45.
15
Suppose -62*o + 60*o + 28 = 0. Let b be 149*-1*(4 + -1 - 4). Suppose 4*t = 131 + b. What is the greatest common factor of o and t?
14
Suppose 5*r - 310 = 5*y, 0 = 2*r - 3*y + 9 - 135. What is the greatest common factor of r and 7530?
30
Let g be -1*-69*1*6910/30. Calculate the greatest common divisor of 23 and g.
23
Let z be 25/(-26)*-4 + 24/156. Suppose 0 = -z*h + 4*j + 328, 3*h + j - 221 = -j. What is the greatest common factor of h and 22?
11
Let d be 9 + (189/252)/(1/88). Calculate the highest common divisor of 39 and d.
3
Let a(b) = -b**2 + 37 - 9*b + 2*b**2 + 53*b + 90. Let v be a(-3). Calculate the greatest common divisor of 68 and v.
4
Let x be 1/2*9/((-63)/(-10318)). Calculate the greatest common factor of 134 and x.
67
Let u be -25*-12*(-14)/15. Let f = -266 - u. Calculate the highest common factor of 154 and f.
14
Let p(u) = u**3 + 6*u**2 + 5*u + 2. Let f be p(-5). Let d be (-7)/f - (-2)/4. Let j be -39*d*(-5)/(-45). Calculate the greatest common factor of j and 13.
13
Let g(j) = -j. Let m(v) = -2*v - 6. Let r(h) = -3*g(h) - m(h). Let n be r(-1). Calculate the highest common divisor of 4 and n.
1
Let q be ((5 - 2) + 83676/28)/((-61)/(-427)). What is the greatest common divisor of 120 and q?
60
Let q be ((-87)/(-58))/(2/4). Suppose -l + 6 = q. What is the greatest common factor of 24 and l?
3
Let x be ((-7)/(-14))/((-1)/846). Let u = x + 425. Suppose -p = 4*c - 42, 29 + 71 = 3*p - c. Calculate the highest common factor of p and u.
2
Let t be (1 - -8)*2040/3672. What is the highest common factor of t and 17?
1
Let j(u) = u**3 - 9*u**2 - 2*u - 1. Let o be j(9). Let i = o + 21. Suppose b + b + 5*d - 85 = 0, 42 = b + i*d. What is the highest common factor of b and 4?
4
Let v(z) = 32*z**3 - 3*z + 3. Let a be v(2). Let w(u) = 11*u**2 + 461*u - 19. Let t be w(-42). Calculate the greatest common factor of a and t.
23
Suppose 7*x = 5*x + 5*u + 235, 4 = 4*u. Let l be 4/(-10) - 227/(-5). Suppose 0 = -4*n + n + l. Calculate the highest common factor of x and n.
15
Let x = 107 + -103. Suppose x*l - 2*u = 42, 9 = u + 2*u. Let y be (4 + 29)*4*2/l. Calculate the highest common divisor of 11 a